
4421472
In base 4, what is -11 - 1102301021?
-1102301032
In base 7, what is -4 + 621045642?
621045635
In base 13, what is -3 - 13abcac?
-13abcb2
In base 2, what is -111100011011011110 - 1010000010?
-111100100101100000
In base 8, what is 166655105 - -6?
166655113
In base 16, what is -1b1352d + 1?
-1b1352c
In base 7, what is -451 - -1343?
562
In base 3, what is 12 - 21111211010000?
-21111211002211
In base 10, what is 189 - 6485931?
-6485742
In base 8, what is 33712 + -54?
33636
In base 4, what is 1313030100 + 13001?
1313103101
In base 4, what is -1100031001 - -2330?
-1100022011
In base 3, what is 2202211202122112 - -12?
2202211202122201
In base 15, what is -e4 - 3208?
-32ec
In base 3, what is 1001 + 2001002100102?
2001002101110
In base 9, what is -28287 - -2818?
-25368
In base 10, what is -1 - -251941495?
251941494
In base 14, what is 8db334 + 5?
8db339
In base 12, what is -2856b - -420?
-2814b
In base 4, what is 1023002 + -1300101?
-211033
In base 13, what is 352 + 18b20?
19172
In base 7, what is 35646 - -3422?
42401
In base 13, what is -14a8b - -946?
-14145
In base 7, what is 554201 + -1344?
552524
In base 16, what is f3fa5dd + 4?
f3fa5e1
In base 7, what is 1400 - -501066?
502466
In base 4, what is -31212101 + 122?
-31211313
In base 2, what is -11 + 11001011001011001101111?
11001011001011001101100
In base 12, what is 89349 - -11?
8935a
In base 8, what is 271210 - -4?
271214
In base 10, what is -66068 + -2858?
-68926
In base 7, what is -314 - 25630?
-26244
In base 5, what is 4210200 + -3224?
4201421
In base 13, what is 12 - 1028c2a?
-1028c18
In base 10, what is 11652 - 23659?
-12007
In base 14, what is 33683 + 55a?
33bdd
In base 2, what is 111001101010011001011 + 100100?
111001101010011101111
In base 15, what is -78bb48 - -1a?
-78bb2d
In base 7, what is 131 + 20220443?
20220604
In base 5, what is -4112343332 - -14?
-4112343313
In base 16, what is 4 - -5902d9?
5902dd
In base 15, what is 117 + -9861?
-9749
In base 12, what is -51 - -bb9b6?
bb965
In base 2, what is 1010110 + 1100010101110110110100?
1100010101111000001010
In base 8, what is 0 - -15561473?
15561473
In base 11, what is -1 + -64605119?
-6460511a
In base 2, what is 11 - 1010100110001111001000100?
-1010100110001111001000001
In base 13, what is 1c3b - 424?
1817
In base 5, what is 2 + 4004022324?
4004022331
In base 10, what is 76 - -239324?
239400
In base 12, what is 109a + -52380?
-512a2
In base 12, what is -159 - -215a67?
21590a
In base 11, what is 60a850 - 4?
60a847
In base 9, what is -12852428 - 3?
-12852432
In base 10, what is 53 - -238111?
238164
In base 9, what is -400 + -1030416?
-1030816
In base 15, what is 39b783e - 4?
39b783a
In base 16, what is 4 + 9a5b701?
9a5b705
In base 6, what is -3343101 - -213?
-3342444
In base 3, what is -12 + 2002021201021110?
2002021201021021
In base 4, what is -11032003 + -3022?
-11101031
In base 6, what is -112 + 105343003?
105342451
In base 5, what is -103 + -2432?
-3040
In base 10, what is 4 - -173900947?
173900951
In base 14, what is 3 - -103db66?
103db69
In base 12, what is -77132295 - -3?
-77132292
In base 6, what is -1432043 + 102?
-1431541
In base 7, what is 5 - -3454214650?
3454214655
In base 4, what is 31300203101 - -12?
31300203113
In base 9, what is 771346 - -24?
771371
In base 14, what is -8a173b + 2?
-8a1739
In base 10, what is -3118661 - -1?
-3118660
In base 3, what is 101212211101 - 121012?
101212020012
In base 13, what is 267 + -72b88?
-72921
In base 5, what is 4124344033 + -13?
4124344020
In base 11, what is -193344 - -6a?
-193285
In base 13, what is 3c487 - -211a?
415a4
In base 9, what is -2 + 7607402?
7607400
In base 9, what is 14684001 + 13?
14684014
In base 6, what is -21524002 + -13?
-21524015
In base 4, what is 0 + -110232321001?
-110232321001
In base 11, what is 4210371a - -3?
42103722
In base 10, what is -24 - 2472830?
-2472854
In base 16, what is 6859c + 15f?
686fb
In base 9, what is -872 - 31558?
-32541
In base 14, what is -25b995a + 5?
-25b9955
In base 12, what is 16b + -b003?
-aa54
In base 13, what is -26 + 111c58?
111c32
In base 13, what is 3 + 1311739?
131173c
In base 12, what is -64a - 32293?
-32921
In base 16, what is 15e - 13bcd?
-13a6f
In base 5, what is 2220 - -20423002?
20430222
In base 14, what is 2c9c - -225?
30c3
In base 4, what is 33023210301302 - -10?
33023210301312
In base 4, what is 33303311111 + -210?
33303310301
In base 10, what is -87165308 + 5?
-87165303
In base 8, what is -2752634 - 2?
-2752636
In base 4, what is 1110222 - -220111313?
221222201
In base 5, what is 21212 + 114201?
140413
In base 8, what is -3413 - -276500?
273065
In base 5, what is 22233 + -10023404?
-10001121
In base 3, what is -12 - 20201210112120?
-20201210112202
In base 3, what is -100111 - -1201100001?
1200222120
In base 15, what is -50331 - aa?
-503db
In base 4, what is -11 - -1331210200121?
1331210200110
In base 11, what is 33 + 3533404?
3533437
In base 10, what is -19 - 8735899?
-8735918
In base 7, what is -10 - -212001216?
212001206
In base 3, what is 2000221112 + -2?
2000221110
In base 5, what is -4 + -1034114042?
-1034114101
In base 4, what is 2002111033 + -202?
2002110231
In base 8, what is -26367262 + 30?
-26367232
In base 4, what is 1211312210 + -20132?
1211232012
In base 3, what is 100020121 + -20001?
100000120
In base 5, what is -3131 + 211343340?
211340204
In base 6, what is 243 + 55032545?
55033232
In base 16, what is -3 + -83c0885?
-83c0888
In base 6, what is -13 + 132321430?
132321413
In base 2, what is -110 + -101110111011000100100110011?
-101110111011000100100111001
In base 14, what is 42264b87 - -4?
42264b8b
In base 9, what is -15 + 30667215?
30667200
In base 15, what is 11 + 180bc1?
180bd2
In base 4, what is -1033000 - -12320?
-1020020
In base 15, what is 17c305 + 3?
17c308
In base 13, what is -43a + 5a946?
5a509
In base 3, what is -210001 + 12212001?
12002000
In base 16, what is -def6 + d?
-dee9
In base 14, what is -2 - -15c02d3?
15c02d1
In base 10, what is -1 - 14055416?
-14055417
In base 16, what is dd + -17f8a?
-17ead
In base 4, what is 1131122101230 - 30?
1131122101200
In base 4, what is 121 - 12001011300?
-12001011113
In base 2, what is -10000101000111111001010100 + 100?
-10000101000111111001010000
In base 16, what is b + 1633d68?
1633d73
In base 2, what is -10101000 + -10011000000010101100?
-10011000000101010100
In base 3, what is 11 - -1021101220010000?
1021101220010011
In base 9, what is -5 - -334631602?
334631586
In base 11, what is 1aa13884 + -18?
1aa13867
In base 15, what is -572 + -97a?
-eec
In base 10, what is 44159871 + -8?
44159863
In base 2, what is -11110001011101100001 - 101001?
-11110001011110001010
In base 6, what is -210434 - -3014?
-203420
In base 15, what is 5 - 4a44a6?
-4a44a1
In base 9, what is 2503218 + 17?
2503236
In base 11, what is -2a62760 - 5?
-2a62765
In base 10, what is 32 - -405438?
405470
In base 3, what is -111120212 - 202212?
-112100201
In base 3, what is -1202001 - -111012201?
102110200
In base 9, what is 6856836 + 5?
6856842
In base 16, what is 2 - -3bb6bd?
3bb6bf
In base 3, what is 10201220112220 - 1201?
10201220111012
In base 14, what is 4 - -6d539c?
6d53a2
In base 13, what is c - -13c628?
13c637
In base 5, what is 343 - -134424220?
134430113
In base 14, what is 1 + -21dcd?
-21dcc
In base 15, what is 3057 - 237?
2d20
In base 11, what is -50 - 657?
-6a7
In base 16, what is d75b2 - -6?
d75b8
In base 10, what is 0 + -1133100?
-1133100
In base 6, what is 0 + -1134025002?
-1134025002
In base 9, what is 56 + 161300?
161356
In base 6, what is 24420 + -30234?
-1414
In base 9, what is -71 - 1012156?
-1012237
In base 2, what is -100101100 - -100110011111110011?
100110011011000111
In base 6, what is 1032 - 12110501?
-12105425
In base 6, what is 20545305 - -1?
20545310
In base 11, what is -615 + 16510?
159a6
In base 6, what is -1 + 21105052504?
21105052503
In base 9, what is -5 + 2805337?
2805332
In base 6, what is 4054135 + -2251?
4051444
In base 9, what is 0 + -4824635?
-4824635
In base 3, what is 1222011021120112 - -120?
1222011021121002
In base 12, what is -1a78 + 225?
-1853
In base 9, what is 618 + -80607?
-78878
In base 4, what is 1101131 + 123323323?
131031120
In base 4, what is 32302010 + 111033?
33013103
In base 4, what is -311123221 + 131?
-311123030
In base 13, what 